hen 67 is divided by 3 - 1 - w/2?
16
Suppose 0*b = 2*b - 106. Suppose y - b = -19. Calculate the remainder when 135 is divided by y.
33
Let x(z) = -z**3 - 18*z**2 - 18*z - 15. Let l be x(-17). Let o(h) = 4*h**2 - 7*h + 10. Calculate the remainder when 45 is divided by o(l).
9
Suppose 0 = -4*d - 4*a + 120, 2*d + 28*a - 64 = 27*a. Calculate the remainder when d is divided by 18.
16
Let i = -591 + 831. What is the remainder when i is divided by 9?
6
Suppose -5*t = 5*g - 45, -3*g + 4*g - 5*t + 21 = 0. Suppose -2*f - 3*a = -8, 0 = -3*f - f + 5*a - 28. Calculate the remainder when f*1*(-35)/5 is divided by g.
2
Let s = 67 + -12. What is the remainder when s is divided by 17?
4
Let o(s) = 3*s - 25. Let d be o(9). Suppose -n + d*i = 3 - 0, 0 = 4*n - i - 9. What is the remainder when 15 is divided by n?
0
What is the remainder when (0 - (-2)/4)/(2/712) is divided by 18?
16
Calculate the remainder when 91 is divided by 10/120 - (-287)/12.
19
Let z(c) = 4*c - 1. Let h be z(4). Suppose 2*v + 3*r = 0, 5*v - 5*r + h - 65 = 0. What is the remainder when 16 is divided by v?
4
Suppose 0 = -5*r + 3*v + 10, -4 = r + 3*v - 24. Suppose r = 8*j - 195. Calculate the remainder when 74 is divided by j.
24
Suppose -1654 - 479 = -9*v. What is the remainder when v is divided by 15?
12
Let v = 122 + -79. Let p(a) = 2*a**2 - 29*a - 25. What is the remainder when v is divided by p(16)?
20
Let o = -252 - -383. What is the remainder when 1701 is divided by o?
129
Suppose p + 0*p = -5*v + 194, -2*v + 2*p + 68 = 0. Suppose -18*o + 5*w - 19 = -21*o, -4*w = -2*o + 20. Calculate the remainder when v is divided by o.
6
Suppose 3*d - 228 = -0*d. Suppose -103*v + 78 = -101*v. What is the remainder when d is divided by v?
37
Let x(m) = -2*m**3 - 2*m**2 + m - 1. Let h be x(-2). Suppose -15 - 15 = -h*q. Calculate the remainder when 21 is divided by q.
3
Suppose 112 = 5*s - 23. Let p(v) = -9*v + 6. Let a be p(1). What is the remainder when s is divided by 147/9 - (-1)/a?
11
Let l = 43 + -107. Let x = l + 119. Suppose 5*u + w + 0*w - 75 = 0, 5*w - 53 = -2*u. What is the remainder when x is divided by u?
13
Let c(v) = -v**3 + 8*v**2 - 7*v + 17. Let o = 6 - -25. Let f = o + 18. What is the remainder when f is divided by c(7)?
15
Let r = 102 + -91. Calculate the remainder when 52/(-286) - (-2994)/r is divided by 55.
52
Suppose 3 = 3*t - 3*w, -w = -2*t - 3 + 7. Let u = 103 + -50. Let m = u - 43. What is the remainder when m is divided by t?
1
Let d = 22 - 2. What is the remainder when (-32)/144*3 + 170/3 is divided by d?
16
Let p(j) = -15*j + 21. Calculate the remainder when 99 is divided by p(0).
15
Let r(b) = -b**3 - 8*b**2 + 7*b + 12. Let v be r(-9). Let p be (2/(-3))/((-5)/v). Suppose h + p*h - 65 = 0. What is the remainder when 49 is divided by h?
10
Let w(o) = o - 4. Let j be w(6). Calculate the remainder when (-285)/2*(-1720)/6450 is divided by 8/3*6/j.
6
Suppose 0*m + 26 = 2*m. Calculate the remainder when (-6)/(-18)*-6 - -52 is divided by m.
11
Let u(h) = 2*h**2 - 30*h + 99. Suppose -4*x + 4*g + 60 = -0*x, -12 = 4*g. What is the remainder when u(14) is divided by x?
11
Let m(q) = 12*q - 1. Let y be m(-3). Let j = y - -62. Let f(i) = -7*i + 72. What is the remainder when j is divided by f(9)?
7
Suppose 7 + 5 = 3*r. Suppose -36 - 228 = -r*m. Calculate the remainder when m is divided by (-10)/(-85) - (-778)/34.
20
Let x(t) = t. Let a be x(4). Suppose a*k = 17 + 43. What is the remainder when (k/(-6))/((-3)/114) is divided by 24?
23
What is the remainder when 98 is divided by 67/2 - 14/84*-3?
30
Let j(m) = -3*m**2 + 13*m - 3. Let z be j(4). Suppose 0 = 2*v - 3*t + z - 38, 4*v - 104 = -4*t. Calculate the remainder when 89 is divided by v.
20
Suppose 5*s + 3*q = 386, 3*s - q - 225 = -5*q. Calculate the remainder when s is divided by 14.
9
Suppose 5*z - 2*c - 265 = 3*c, 0 = -5*z - 5*c + 245. Calculate the remainder when 966 is divided by z.
48
Let h(p) = -28*p - 53. Let d be -3 + 85/(-15) + 1/(-3). What is the remainder when h(d) is divided by 25?
24
Let c(i) = 8*i + 1. Suppose 3*b - 6 = -0*b. Suppose 0 = n - k - 17, 2*n - 3*k - 30 = -b*k. Calculate the remainder when c(6) is divided by n.
10
Let m = -1052 + 1609. What is the remainder when m is divided by 8?
5
Suppose -87 = -3*o - 18. What is the remainder when 90 is divided by o?
21
Let s be ((-184)/(-10))/(18/45). Let j = 1 - -3. Suppose j*y = s + 86. What is the remainder when 64 is divided by y?
31
Let p(v) = -v**2 - 12*v - 2. Let d be p(-12). Let g be (-2)/(3*d/(-66)). Let o = g + 36. What is the remainder when 54 is divided by o?
12
Let p(y) = -7*y + 2. Suppose -4*w - 5 = u - 0*u, u - 5*w = -14. Calculate the remainder when p(u) is divided by 33.
32
Let s be ((-34)/(-10) - 3) + (-312)/(-20). Suppose 2*v = 4*v - s. What is the remainder when 38 is divided by v?
6
Let j = 316 + -234. Let h be -2 + (-9)/(-3) - -51. Let u = j - h. What is the remainder when 58 is divided by u?
28
Suppose -j + 7 + 6 = 0. Let u(v) = v**2 - 4. Let x be u(3). Suppose -5*z = -0*p - 3*p + 157, x*p = -5*z + 235. Calculate the remainder when p is divided by j.
10
Suppose 2*v - 4*m - 40 = 0, 2*v - 2*m + m = 28. Let a = 81 + -137. Let t = -10 - a. What is the remainder when t is divided by v?
10
Let x = -38 + 67. Calculate the remainder when x is divided by 2/5 - -132*18/135.
11
Let i = 51 - 32. Suppose 0 = -3*h + 2*l + 149, 2*h = -i*l + 14*l + 93. Suppose 6 = -3*k, -p + k = -0*k - 12. Calculate the remainder when h is divided by p.
9
Let y = -24 - -35. Suppose t - 232 = -t - 4*f, 0 = t + 3*f - 111. Suppose o + t = 4*o. What is the remainder when o is divided by y?
9
Let i = -2938 - -2952. Suppose 0 = 7*d - 3*d - 8, -3*f - 2*d = -94. What is the remainder when f is divided by i?
2
Let y(v) = -v**2 + v + 11. Let n be y(4). What is the remainder when 14 is divided by n/(-3)*21 + 1?
6
Suppose -2*r + 31*c - 33*c = -318, -3*c - 795 = -5*r. What is the remainder when r is divided by 37?
11
Let h = -96 + 98. Suppose -22 = -h*j + 5*w + 7, 73 = 4*j - 5*w. What is the remainder when 173 is divided by j?
19
Suppose 0 = -m - 3*m + 20. Suppose -m*n - 29 = -9, -3*i = -n - 13. Suppose -i*w = 5*x - 75, -2*w - 5 = x - 13. What is the remainder when x is divided by 5?
3
Calculate the remainder when 4 - 62/15 - 41951/(-195) is divided by 55.
50
Let l(g) = 2*g**2 + 2*g + 104. Let o be l(0). Let p = 221 - o. What is the remainder when p is divided by 10?
7
Let i(d) = -d**2 + d - 10. Suppose 0 = 3*n + 2*n. Let y be i(n). Calculate the remainder when 27 is divided by y*-2*3/6.
7
Let n be -25 - 3/(-4 + 7). Let f = -5 - n. Calculate the remainder when f is divided by (2 - 20)/((-9)/6).
9
Let k(x) = -x**2 + x + 3*x**2 - x. What is the remainder when k(1) is divided by 2?
0
Let h(u) = u**3 + 5*u**2 + 4*u + 1. Calculate the remainder when (4 - -6) + (-3)/((-15)/20) is divided by h(-3).
0
Let l = 88 - 84. Suppose l*k = 3*k + 3, 4*k - 48 = -4*i. What is the remainder when 69 is divided by i?
6
Suppose 0 = -14*i - 2*i + 704. Let t = 80 - i. Calculate the remainder when (-2006)/(-14) + 2/(-7) is divided by t.
35
Suppose m = -11*x + 17*x + 131, -m = -3*x - 128. Suppose -l + 6 + 26 = 0. Calculate the remainder when m is divided by l.
29
Calculate the remainder when 185 is divided by 3 + 4 + 93 + -5.
90
Let w be -1 + (63/(-18) - 2/4). Let s(b) = -2*b**3 - 3*b**2 + 3*b. What is the remainder when s(w) is divided by 41?
37
Suppose -25*q - 200 = -50*q. Calculate the remainder when q is divided by 4.
0
Suppose 42*h - 31*h - 528 = 0. Calculate the remainder when 189 is divided by h.
45
Suppose f - 331 = -6*i + 2*i, -2*i - 4*f = -148. Calculate the remainder when i is divided by (0 - 1) + (-7 - -61)/3.
16
Let z(q) = -q**3 - 5*q**2 + q + 4. Suppose 0 = -r + 2, 4*p + 3*r - 37 = 17. What is the remainder when z(-6) is divided by p?
10
Let n(b) = 52*b + 5. Let m(t) = -52*t - 4. Let g(v) = 6*m(v) + 5*n(v). What is the remainder when g(-1) is divided by 28?
25
Let t(k) = -4*k**2 - k. Let q(b) = -12*b**2 - 2*b - 1. Let u(j) = 2*q(j) - 7*t(j). What is the remainder when 53 is divided by u(-2)?
5
Let d(i) = 4 + i + 0 + 4*i. Suppose -5*r + 3*o = -o - 83, -5 = -r - 5*o. Calculate the remainder when d(r) is divided by 20.
19
Let v be 60/(-9)*18/(-4). Let h = v + -6. Calculate the remainder when 45 is divided by